{"id":1228,"date":"2019-04-14T15:06:03","date_gmt":"2019-04-14T15:06:03","guid":{"rendered":"https:\/\/marix.us\/?page_id=1228"},"modified":"2023-08-22T00:03:59","modified_gmt":"2023-08-22T00:03:59","slug":"sea-un-distribuidor-marix","status":"publish","type":"page","link":"https:\/\/marix.us\/index.php\/sea-un-distribuidor-marix\/","title":{"rendered":"SEA UN DISTRIBUIDOR MARIX"},"content":{"rendered":"<h4><strong>Sea un distribuidor de Marix en United States.<\/strong><\/h4>\n<h4><strong>Hablamos espa\u00f1ol<\/strong><\/h4>\n<h4>P\u00f3ngase en contacto con el siguiente formulario, por whatsapp, por tel\u00e9fono o por correo electr\u00f3nico que regresaremos lo m\u00e1s pronto posible.<\/h4>\n<h4><strong>Whatsapp: \u00a0<a href=\"https:\/\/api.whatsapp.com\/send?phone=5585999378394&amp;text=Quiero%20ser%20un%20distribuidor%20Marix%20en%20mi%20pa%C3%ADs%20o%20regi%C3%B3n.\">+ 55 85 999378394\u00a0 <img decoding=\"async\" src=\"https:\/\/d19u6hq014lqp0.cloudfront.net\/wp-content\/uploads\/2019\/02\/whatsapp-20-tn.png\" \/><\/a><\/strong><\/h4>\n<h4><strong>Tel\u00e9fono: 1-800-921-0175<\/strong><\/h4>\n<h4><strong>E-mail: <a href=\"mailto:contact@marix.us\">contact@marix.us<\/a><\/strong><\/h4>\n<h4><div class=\"wpforms-container wpforms-container-full\" id=\"wpforms-1230\"><form id=\"wpforms-form-1230\" class=\"wpforms-validate wpforms-form\" data-formid=\"1230\" method=\"post\" enctype=\"multipart\/form-data\" action=\"\/index.php\/wp-json\/wp\/v2\/pages\/1228\" data-token=\"e7840ac9bca36816b9f7855cfe5fd92a\" data-token-time=\"1777550759\"><noscript class=\"wpforms-error-noscript\">Please enable JavaScript in your browser to complete this form.<\/noscript><div class=\"wpforms-field-container\"><div id=\"wpforms-1230-field_0-container\" class=\"wpforms-field wpforms-field-name\" data-field-id=\"0\"><label class=\"wpforms-field-label\" for=\"wpforms-1230-field_0\">Su Nombre <span class=\"wpforms-required-label\">*<\/span><\/label><input type=\"text\" id=\"wpforms-1230-field_0\" class=\"wpforms-field-medium wpforms-field-required\" name=\"wpforms[fields][0]\" required><\/div><div id=\"wpforms-1230-field_1-container\" class=\"wpforms-field wpforms-field-email\" data-field-id=\"1\"><label class=\"wpforms-field-label\" for=\"wpforms-1230-field_1\">Su Email <span class=\"wpforms-required-label\">*<\/span><\/label><input type=\"email\" id=\"wpforms-1230-field_1\" class=\"wpforms-field-medium wpforms-field-required\" name=\"wpforms[fields][1]\" spellcheck=\"false\" required><\/div><div id=\"wpforms-1230-field_7-container\" class=\"wpforms-field wpforms-field-text\" data-field-id=\"7\"><label class=\"wpforms-field-label\" for=\"wpforms-1230-field_7\">Su Pais, regi\u00f3n o ciudad <span class=\"wpforms-required-label\">*<\/span><\/label><input type=\"text\" id=\"wpforms-1230-field_7\" class=\"wpforms-field-medium wpforms-field-required\" name=\"wpforms[fields][7]\" required><\/div><div id=\"wpforms-1230-field_6-container\" class=\"wpforms-field wpforms-field-number\" data-field-id=\"6\"><label class=\"wpforms-field-label\" for=\"wpforms-1230-field_6\">Su Tel\u00e9fono \/ Whatsapp <span class=\"wpforms-required-label\">*<\/span><\/label><input type=\"number\" id=\"wpforms-1230-field_6\" class=\"wpforms-field-medium wpforms-field-required\" name=\"wpforms[fields][6]\" step=\"any\" required><\/div><div id=\"wpforms-1230-field_2-container\" class=\"wpforms-field wpforms-field-textarea\" data-field-id=\"2\"><label class=\"wpforms-field-label\" for=\"wpforms-1230-field_2\">Su Mensaje <span class=\"wpforms-required-label\">*<\/span><\/label><textarea id=\"wpforms-1230-field_2\" class=\"wpforms-field-medium wpforms-field-required\" name=\"wpforms[fields][2]\" required><\/textarea><\/div><\/div><!-- .wpforms-field-container --><div class=\"wpforms-field wpforms-field-hp\"><label for=\"wpforms-1230-field-hp\" class=\"wpforms-field-label\">Name<\/label><input type=\"text\" name=\"wpforms[hp]\" id=\"wpforms-1230-field-hp\" class=\"wpforms-field-medium\"><\/div><div class=\"wpforms-submit-container\" ><input type=\"hidden\" name=\"wpforms[id]\" value=\"1230\"><input type=\"hidden\" name=\"page_title\" value=\"\"><input type=\"hidden\" name=\"page_url\" value=\"https:\/\/marix.us\/index.php\/wp-json\/wp\/v2\/pages\/1228\"><input type=\"hidden\" name=\"url_referer\" value=\"\"><button type=\"submit\" name=\"wpforms[submit]\" id=\"wpforms-submit-1230\" class=\"wpforms-submit\" data-alt-text=\"Enviando...\" data-submit-text=\"Enviar\" aria-live=\"assertive\" value=\"wpforms-submit\">Enviar<\/button><\/div><\/form><\/div>  <!-- .wpforms-container --><\/h4>\n","protected":false},"excerpt":{"rendered":"<p>SEA UN DISTRIBUIDOR MARIX<\/p>\n","protected":false},"author":2,"featured_media":821,"parent":0,"menu_order":0,"comment_status":"closed","ping_status":"closed","template":"","meta":{"footnotes":""},"class_list":["post-1228","page","type-page","status-publish","has-post-thumbnail","hentry"],"yoast_head":"<!-- This site is optimized with the Yoast SEO plugin v27.5 - https:\/\/yoast.com\/product\/yoast-seo-wordpress\/ -->\n<title>SEA UN DISTRIBUIDOR MARIX - Marix Pivot Door Closers<\/title>\n<meta name=\"robots\" content=\"index, follow, max-snippet:-1, max-image-preview:large, max-video-preview:-1\" \/>\n<link rel=\"canonical\" href=\"https:\/\/marix.us\/index.php\/sea-un-distribuidor-marix\/\" \/>\n<meta property=\"og:locale\" content=\"en_US\" \/>\n<meta property=\"og:type\" content=\"article\" \/>\n<meta property=\"og:title\" content=\"SEA UN DISTRIBUIDOR MARIX - Marix Pivot Door Closers\" \/>\n<meta property=\"og:description\" content=\"SEA UN DISTRIBUIDOR MARIX\" \/>\n<meta property=\"og:url\" content=\"https:\/\/marix.us\/index.php\/sea-un-distribuidor-marix\/\" \/>\n<meta property=\"og:site_name\" content=\"Marix Pivot Door Closers\" \/>\n<meta property=\"article:publisher\" content=\"https:\/\/facebook.com\/molamarix\" \/>\n<meta property=\"article:modified_time\" content=\"2023-08-22T00:03:59+00:00\" \/>\n<meta property=\"og:image\" content=\"https:\/\/marix.us\/wp-content\/uploads\/2018\/11\/Casal-Marix-Ingles-s1200T.jpg\" \/>\n\t<meta property=\"og:image:width\" content=\"1200\" \/>\n\t<meta property=\"og:image:height\" content=\"675\" \/>\n\t<meta property=\"og:image:type\" content=\"image\/jpeg\" \/>\n<meta name=\"twitter:card\" content=\"summary_large_image\" \/>\n<meta name=\"twitter:label1\" content=\"Est. reading time\" \/>\n\t<meta name=\"twitter:data1\" content=\"1 minute\" \/>\n<script type=\"application\/ld+json\" class=\"yoast-schema-graph\">{\"@context\":\"https:\\\/\\\/schema.org\",\"@graph\":[{\"@type\":\"WebPage\",\"@id\":\"https:\\\/\\\/marix.us\\\/index.php\\\/sea-un-distribuidor-marix\\\/\",\"url\":\"https:\\\/\\\/marix.us\\\/index.php\\\/sea-un-distribuidor-marix\\\/\",\"name\":\"SEA UN DISTRIBUIDOR MARIX - Marix Pivot Door Closers\",\"isPartOf\":{\"@id\":\"https:\\\/\\\/marix.us\\\/#website\"},\"primaryImageOfPage\":{\"@id\":\"https:\\\/\\\/marix.us\\\/index.php\\\/sea-un-distribuidor-marix\\\/#primaryimage\"},\"image\":{\"@id\":\"https:\\\/\\\/marix.us\\\/index.php\\\/sea-un-distribuidor-marix\\\/#primaryimage\"},\"thumbnailUrl\":\"https:\\\/\\\/marix.us\\\/wp-content\\\/uploads\\\/2018\\\/11\\\/Casal-Marix-Ingles-s1200T.jpg\",\"datePublished\":\"2019-04-14T15:06:03+00:00\",\"dateModified\":\"2023-08-22T00:03:59+00:00\",\"breadcrumb\":{\"@id\":\"https:\\\/\\\/marix.us\\\/index.php\\\/sea-un-distribuidor-marix\\\/#breadcrumb\"},\"inLanguage\":\"en-US\",\"potentialAction\":[{\"@type\":\"ReadAction\",\"target\":[\"https:\\\/\\\/marix.us\\\/index.php\\\/sea-un-distribuidor-marix\\\/\"]}]},{\"@type\":\"ImageObject\",\"inLanguage\":\"en-US\",\"@id\":\"https:\\\/\\\/marix.us\\\/index.php\\\/sea-un-distribuidor-marix\\\/#primaryimage\",\"url\":\"https:\\\/\\\/marix.us\\\/wp-content\\\/uploads\\\/2018\\\/11\\\/Casal-Marix-Ingles-s1200T.jpg\",\"contentUrl\":\"https:\\\/\\\/marix.us\\\/wp-content\\\/uploads\\\/2018\\\/11\\\/Casal-Marix-Ingles-s1200T.jpg\",\"width\":1200,\"height\":675,\"caption\":\"Marix satisfied customers\"},{\"@type\":\"BreadcrumbList\",\"@id\":\"https:\\\/\\\/marix.us\\\/index.php\\\/sea-un-distribuidor-marix\\\/#breadcrumb\",\"itemListElement\":[{\"@type\":\"ListItem\",\"position\":1,\"name\":\"Home\",\"item\":\"https:\\\/\\\/marix.us\\\/\"},{\"@type\":\"ListItem\",\"position\":2,\"name\":\"SEA UN DISTRIBUIDOR MARIX\"}]},{\"@type\":\"WebSite\",\"@id\":\"https:\\\/\\\/marix.us\\\/#website\",\"url\":\"https:\\\/\\\/marix.us\\\/\",\"name\":\"Marix Pivot Door Closers\",\"description\":\"The Innovative Door Hinge\",\"publisher\":{\"@id\":\"https:\\\/\\\/marix.us\\\/#organization\"},\"potentialAction\":[{\"@type\":\"SearchAction\",\"target\":{\"@type\":\"EntryPoint\",\"urlTemplate\":\"https:\\\/\\\/marix.us\\\/?s={search_term_string}\"},\"query-input\":{\"@type\":\"PropertyValueSpecification\",\"valueRequired\":true,\"valueName\":\"search_term_string\"}}],\"inLanguage\":\"en-US\"},{\"@type\":\"Organization\",\"@id\":\"https:\\\/\\\/marix.us\\\/#organization\",\"name\":\"Marix Pivot Door Closers\",\"url\":\"https:\\\/\\\/marix.us\\\/\",\"logo\":{\"@type\":\"ImageObject\",\"inLanguage\":\"en-US\",\"@id\":\"https:\\\/\\\/marix.us\\\/#\\\/schema\\\/logo\\\/image\\\/\",\"url\":\"https:\\\/\\\/marix.us\\\/wp-content\\\/uploads\\\/2022\\\/08\\\/cropped-LOGO-USA-Blue-12.webp\",\"contentUrl\":\"https:\\\/\\\/marix.us\\\/wp-content\\\/uploads\\\/2022\\\/08\\\/cropped-LOGO-USA-Blue-12.webp\",\"width\":196,\"height\":44,\"caption\":\"Marix Pivot Door Closers\"},\"image\":{\"@id\":\"https:\\\/\\\/marix.us\\\/#\\\/schema\\\/logo\\\/image\\\/\"},\"sameAs\":[\"https:\\\/\\\/facebook.com\\\/molamarix\"]}]}<\/script>\n<!-- \/ Yoast SEO plugin. -->","yoast_head_json":{"title":"SEA UN DISTRIBUIDOR MARIX - Marix Pivot Door Closers","robots":{"index":"index","follow":"follow","max-snippet":"max-snippet:-1","max-image-preview":"max-image-preview:large","max-video-preview":"max-video-preview:-1"},"canonical":"https:\/\/marix.us\/index.php\/sea-un-distribuidor-marix\/","og_locale":"en_US","og_type":"article","og_title":"SEA UN DISTRIBUIDOR MARIX - Marix Pivot Door Closers","og_description":"SEA UN DISTRIBUIDOR MARIX","og_url":"https:\/\/marix.us\/index.php\/sea-un-distribuidor-marix\/","og_site_name":"Marix Pivot Door Closers","article_publisher":"https:\/\/facebook.com\/molamarix","article_modified_time":"2023-08-22T00:03:59+00:00","og_image":[{"width":1200,"height":675,"url":"https:\/\/marix.us\/wp-content\/uploads\/2018\/11\/Casal-Marix-Ingles-s1200T.jpg","type":"image\/jpeg"}],"twitter_card":"summary_large_image","twitter_misc":{"Est. reading time":"1 minute"},"schema":{"@context":"https:\/\/schema.org","@graph":[{"@type":"WebPage","@id":"https:\/\/marix.us\/index.php\/sea-un-distribuidor-marix\/","url":"https:\/\/marix.us\/index.php\/sea-un-distribuidor-marix\/","name":"SEA UN DISTRIBUIDOR MARIX - Marix Pivot Door Closers","isPartOf":{"@id":"https:\/\/marix.us\/#website"},"primaryImageOfPage":{"@id":"https:\/\/marix.us\/index.php\/sea-un-distribuidor-marix\/#primaryimage"},"image":{"@id":"https:\/\/marix.us\/index.php\/sea-un-distribuidor-marix\/#primaryimage"},"thumbnailUrl":"https:\/\/marix.us\/wp-content\/uploads\/2018\/11\/Casal-Marix-Ingles-s1200T.jpg","datePublished":"2019-04-14T15:06:03+00:00","dateModified":"2023-08-22T00:03:59+00:00","breadcrumb":{"@id":"https:\/\/marix.us\/index.php\/sea-un-distribuidor-marix\/#breadcrumb"},"inLanguage":"en-US","potentialAction":[{"@type":"ReadAction","target":["https:\/\/marix.us\/index.php\/sea-un-distribuidor-marix\/"]}]},{"@type":"ImageObject","inLanguage":"en-US","@id":"https:\/\/marix.us\/index.php\/sea-un-distribuidor-marix\/#primaryimage","url":"https:\/\/marix.us\/wp-content\/uploads\/2018\/11\/Casal-Marix-Ingles-s1200T.jpg","contentUrl":"https:\/\/marix.us\/wp-content\/uploads\/2018\/11\/Casal-Marix-Ingles-s1200T.jpg","width":1200,"height":675,"caption":"Marix satisfied customers"},{"@type":"BreadcrumbList","@id":"https:\/\/marix.us\/index.php\/sea-un-distribuidor-marix\/#breadcrumb","itemListElement":[{"@type":"ListItem","position":1,"name":"Home","item":"https:\/\/marix.us\/"},{"@type":"ListItem","position":2,"name":"SEA UN DISTRIBUIDOR MARIX"}]},{"@type":"WebSite","@id":"https:\/\/marix.us\/#website","url":"https:\/\/marix.us\/","name":"Marix Pivot Door Closers","description":"The Innovative Door Hinge","publisher":{"@id":"https:\/\/marix.us\/#organization"},"potentialAction":[{"@type":"SearchAction","target":{"@type":"EntryPoint","urlTemplate":"https:\/\/marix.us\/?s={search_term_string}"},"query-input":{"@type":"PropertyValueSpecification","valueRequired":true,"valueName":"search_term_string"}}],"inLanguage":"en-US"},{"@type":"Organization","@id":"https:\/\/marix.us\/#organization","name":"Marix Pivot Door Closers","url":"https:\/\/marix.us\/","logo":{"@type":"ImageObject","inLanguage":"en-US","@id":"https:\/\/marix.us\/#\/schema\/logo\/image\/","url":"https:\/\/marix.us\/wp-content\/uploads\/2022\/08\/cropped-LOGO-USA-Blue-12.webp","contentUrl":"https:\/\/marix.us\/wp-content\/uploads\/2022\/08\/cropped-LOGO-USA-Blue-12.webp","width":196,"height":44,"caption":"Marix Pivot Door Closers"},"image":{"@id":"https:\/\/marix.us\/#\/schema\/logo\/image\/"},"sameAs":["https:\/\/facebook.com\/molamarix"]}]}},"amp_enabled":true,"_links":{"self":[{"href":"https:\/\/marix.us\/index.php\/wp-json\/wp\/v2\/pages\/1228","targetHints":{"allow":["GET"]}}],"collection":[{"href":"https:\/\/marix.us\/index.php\/wp-json\/wp\/v2\/pages"}],"about":[{"href":"https:\/\/marix.us\/index.php\/wp-json\/wp\/v2\/types\/page"}],"author":[{"embeddable":true,"href":"https:\/\/marix.us\/index.php\/wp-json\/wp\/v2\/users\/2"}],"replies":[{"embeddable":true,"href":"https:\/\/marix.us\/index.php\/wp-json\/wp\/v2\/comments?post=1228"}],"version-history":[{"count":0,"href":"https:\/\/marix.us\/index.php\/wp-json\/wp\/v2\/pages\/1228\/revisions"}],"wp:featuredmedia":[{"embeddable":true,"href":"https:\/\/marix.us\/index.php\/wp-json\/wp\/v2\/media\/821"}],"wp:attachment":[{"href":"https:\/\/marix.us\/index.php\/wp-json\/wp\/v2\/media?parent=1228"}],"curies":[{"name":"wp","href":"https:\/\/api.w.org\/{rel}","templated":true}]}}